{"id":20,"date":"2016-01-20T09:38:43","date_gmt":"2016-01-20T08:38:43","guid":{"rendered":"http:\/\/fermedumoulinet.com\/?page_id=20"},"modified":"2024-01-08T18:51:20","modified_gmt":"2024-01-08T17:51:20","slug":"exploitation","status":"publish","type":"page","link":"https:\/\/fermedumoulinet.com\/index.php\/exploitation\/","title":{"rendered":"Notre Exploitation"},"content":{"rendered":"<p style=\"text-align: center;\">La ferme, c\u2019est le domaine de Franck !<\/p>\n<p style=\"text-align: center;\">Avec l\u2019aide de Benjamin et Pierre, il assure l\u2019ensemble des travaux : de la naissance des veaux jusqu\u2019\u00e0 la traite des vaches, du semis jusqu\u2019\u00e0 la r\u00e9colte des cultures.<br \/>\nL\u2019exploitation de 170 hectares se r\u00e9partit entre 99 hectares de prairies, 14 hectares de luzernes, 25 hectares de ma\u00efs, 32 hectares de bl\u00e9.<\/p>\n<p style=\"text-align: center;\"><img decoding=\"async\" loading=\"lazy\" class=\"size-medium wp-image-116 aligncenter\" src=\"http:\/\/fermedumoulinet.com\/wp-content\/uploads\/2016\/02\/veau-ferme-du-moulinet-300x225.jpg\" alt=\"veau ferme du moulinet\" width=\"300\" height=\"225\" srcset=\"https:\/\/fermedumoulinet.com\/wp-content\/uploads\/2016\/02\/veau-ferme-du-moulinet-300x225.jpg 300w, https:\/\/fermedumoulinet.com\/wp-content\/uploads\/2016\/02\/veau-ferme-du-moulinet.jpg 640w\" sizes=\"(max-width: 300px) 100vw, 300px\" \/><\/p>\n<p style=\"text-align: center;\">Les vaches s\u2019alimentent dans les riches p\u00e2turages normands. Les fourrages (herbe, luzerne et ma\u00efs)\u00a0 produits sur la ferme, assurent leur alimentation.<br \/>\nUn syst\u00e8me de robots assure la traite des vaches. La traite s\u2019effectue en continu, ce qui permet de satisfaire un rythme propre \u00e0 chaque animal.<\/p>\n<p><img decoding=\"async\" loading=\"lazy\" class=\"size-medium wp-image-115 aligncenter\" src=\"http:\/\/fermedumoulinet.com\/wp-content\/uploads\/2016\/02\/vache-ferme-du-moulinet-300x145.jpg\" alt=\"OLYMPUS DIGITAL CAMERA\" width=\"300\" height=\"145\" srcset=\"https:\/\/fermedumoulinet.com\/wp-content\/uploads\/2016\/02\/vache-ferme-du-moulinet-300x145.jpg 300w, https:\/\/fermedumoulinet.com\/wp-content\/uploads\/2016\/02\/vache-ferme-du-moulinet.jpg 640w\" sizes=\"(max-width: 300px) 100vw, 300px\" \/><\/p>\n<p style=\"text-align: center;\">La traite s\u2019effectue selon le bon vouloir de ces gentes dames, ce qui permet de choisir leur propre rythme.<\/p>\n<p style=\"text-align: center;\">\n","protected":false},"excerpt":{"rendered":"<p>La ferme, c\u2019est le domaine de Franck ! Avec l\u2019aide de Benjamin et Pierre, il assure l\u2019ensemble des travaux : de la naissance des veaux jusqu\u2019\u00e0 la traite des vaches, du semis jusqu\u2019\u00e0 la r\u00e9colte des cultures. L\u2019exploitation de 170 hectares se r\u00e9partit entre 99 hectares de prairies, 14 hectares de luzernes, 25 hectares de ma\u00efs, 32 hectares de bl\u00e9. Les vaches s\u2019alimentent dans les riches p\u00e2turages normands. Les fourrages (herbe, luzerne et ma\u00efs)\u00a0 produits sur la ferme, assurent leur alimentation. Un syst\u00e8me de robots assure la traite des vaches. La traite s\u2019effectue en continu, ce qui permet de satisfaire un rythme propre \u00e0 chaque animal. La traite s\u2019effectue selon le bon vouloir de ces gentes dames, ce qui permet de choisir leur propre rythme.<\/p>\n","protected":false},"author":3,"featured_media":0,"parent":0,"menu_order":0,"comment_status":"closed","ping_status":"closed","template":"","meta":{"_mi_skip_tracking":false},"yoast_head":"<!-- This site is optimized with the Yoast SEO plugin v20.0 - https:\/\/yoast.com\/wordpress\/plugins\/seo\/ -->\n<title>Notre Exploitation &bull;<\/title>\n<meta name=\"robots\" content=\"index, follow, max-snippet:-1, max-image-preview:large, max-video-preview:-1\" \/>\n<link rel=\"canonical\" href=\"https:\/\/fermedumoulinet.com\/index.php\/exploitation\/\" \/>\n<meta property=\"og:locale\" content=\"fr_FR\" \/>\n<meta property=\"og:type\" content=\"article\" \/>\n<meta property=\"og:title\" content=\"Notre Exploitation &bull;\" \/>\n<meta property=\"og:description\" content=\"La ferme, c\u2019est le domaine de Franck ! Avec l\u2019aide de Benjamin et Pierre, il assure l\u2019ensemble des travaux : de la naissance des veaux jusqu\u2019\u00e0 la traite des vaches, du semis jusqu\u2019\u00e0 la r\u00e9colte des cultures. L\u2019exploitation de 170 hectares se r\u00e9partit entre 99 hectares de prairies, 14 hectares de luzernes, 25 hectares de ma\u00efs, 32 hectares de bl\u00e9. Les vaches s\u2019alimentent dans les riches p\u00e2turages normands. Les fourrages (herbe, luzerne et ma\u00efs)\u00a0 produits sur la ferme, assurent leur alimentation. Un syst\u00e8me de robots assure la traite des vaches. La traite s\u2019effectue en continu, ce qui permet de satisfaire un rythme propre \u00e0 chaque animal. La traite s\u2019effectue selon le bon vouloir de ces gentes dames, ce qui permet de choisir leur propre rythme.\" \/>\n<meta property=\"og:url\" content=\"https:\/\/fermedumoulinet.com\/index.php\/exploitation\/\" \/>\n<meta property=\"article:publisher\" content=\"https:\/\/www.facebook.com\/Ferme-du-Moulinet-453255748186140\/?fref=ts\" \/>\n<meta property=\"article:modified_time\" content=\"2024-01-08T17:51:20+00:00\" \/>\n<meta property=\"og:image\" content=\"http:\/\/fermedumoulinet.com\/wp-content\/uploads\/2016\/02\/veau-ferme-du-moulinet-300x225.jpg\" \/>\n<meta name=\"twitter:card\" content=\"summary_large_image\" \/>\n<meta name=\"twitter:label1\" content=\"Dur\u00e9e de lecture estim\u00e9e\" \/>\n\t<meta name=\"twitter:data1\" content=\"2 minutes\" \/>\n<script type=\"application\/ld+json\" class=\"yoast-schema-graph\">{\"@context\":\"https:\/\/schema.org\",\"@graph\":[{\"@type\":\"WebPage\",\"@id\":\"https:\/\/fermedumoulinet.com\/index.php\/exploitation\/\",\"url\":\"https:\/\/fermedumoulinet.com\/index.php\/exploitation\/\",\"name\":\"Notre Exploitation &bull;\",\"isPartOf\":{\"@id\":\"https:\/\/fermedumoulinet.com\/#website\"},\"datePublished\":\"2016-01-20T08:38:43+00:00\",\"dateModified\":\"2024-01-08T17:51:20+00:00\",\"breadcrumb\":{\"@id\":\"https:\/\/fermedumoulinet.com\/index.php\/exploitation\/#breadcrumb\"},\"inLanguage\":\"fr-FR\",\"potentialAction\":[{\"@type\":\"ReadAction\",\"target\":[\"https:\/\/fermedumoulinet.com\/index.php\/exploitation\/\"]}]},{\"@type\":\"BreadcrumbList\",\"@id\":\"https:\/\/fermedumoulinet.com\/index.php\/exploitation\/#breadcrumb\",\"itemListElement\":[{\"@type\":\"ListItem\",\"position\":1,\"name\":\"Accueil\",\"item\":\"https:\/\/fermedumoulinet.com\/\"},{\"@type\":\"ListItem\",\"position\":2,\"name\":\"Notre Exploitation\"}]},{\"@type\":\"WebSite\",\"@id\":\"https:\/\/fermedumoulinet.com\/#website\",\"url\":\"https:\/\/fermedumoulinet.com\/\",\"name\":\"\",\"description\":\"\",\"potentialAction\":[{\"@type\":\"SearchAction\",\"target\":{\"@type\":\"EntryPoint\",\"urlTemplate\":\"https:\/\/fermedumoulinet.com\/?s={search_term_string}\"},\"query-input\":\"required name=search_term_string\"}],\"inLanguage\":\"fr-FR\"}]}<\/script>\n<!-- \/ Yoast SEO plugin. -->","yoast_head_json":{"title":"Notre Exploitation &bull;","robots":{"index":"index","follow":"follow","max-snippet":"max-snippet:-1","max-image-preview":"max-image-preview:large","max-video-preview":"max-video-preview:-1"},"canonical":"https:\/\/fermedumoulinet.com\/index.php\/exploitation\/","og_locale":"fr_FR","og_type":"article","og_title":"Notre Exploitation &bull;","og_description":"La ferme, c\u2019est le domaine de Franck ! Avec l\u2019aide de Benjamin et Pierre, il assure l\u2019ensemble des travaux : de la naissance des veaux jusqu\u2019\u00e0 la traite des vaches, du semis jusqu\u2019\u00e0 la r\u00e9colte des cultures. L\u2019exploitation de 170 hectares se r\u00e9partit entre 99 hectares de prairies, 14 hectares de luzernes, 25 hectares de ma\u00efs, 32 hectares de bl\u00e9. Les vaches s\u2019alimentent dans les riches p\u00e2turages normands. Les fourrages (herbe, luzerne et ma\u00efs)\u00a0 produits sur la ferme, assurent leur alimentation. Un syst\u00e8me de robots assure la traite des vaches. La traite s\u2019effectue en continu, ce qui permet de satisfaire un rythme propre \u00e0 chaque animal. La traite s\u2019effectue selon le bon vouloir de ces gentes dames, ce qui permet de choisir leur propre rythme.","og_url":"https:\/\/fermedumoulinet.com\/index.php\/exploitation\/","article_publisher":"https:\/\/www.facebook.com\/Ferme-du-Moulinet-453255748186140\/?fref=ts","article_modified_time":"2024-01-08T17:51:20+00:00","og_image":[{"url":"http:\/\/fermedumoulinet.com\/wp-content\/uploads\/2016\/02\/veau-ferme-du-moulinet-300x225.jpg"}],"twitter_card":"summary_large_image","twitter_misc":{"Dur\u00e9e de lecture estim\u00e9e":"2 minutes"},"schema":{"@context":"https:\/\/schema.org","@graph":[{"@type":"WebPage","@id":"https:\/\/fermedumoulinet.com\/index.php\/exploitation\/","url":"https:\/\/fermedumoulinet.com\/index.php\/exploitation\/","name":"Notre Exploitation &bull;","isPartOf":{"@id":"https:\/\/fermedumoulinet.com\/#website"},"datePublished":"2016-01-20T08:38:43+00:00","dateModified":"2024-01-08T17:51:20+00:00","breadcrumb":{"@id":"https:\/\/fermedumoulinet.com\/index.php\/exploitation\/#breadcrumb"},"inLanguage":"fr-FR","potentialAction":[{"@type":"ReadAction","target":["https:\/\/fermedumoulinet.com\/index.php\/exploitation\/"]}]},{"@type":"BreadcrumbList","@id":"https:\/\/fermedumoulinet.com\/index.php\/exploitation\/#breadcrumb","itemListElement":[{"@type":"ListItem","position":1,"name":"Accueil","item":"https:\/\/fermedumoulinet.com\/"},{"@type":"ListItem","position":2,"name":"Notre Exploitation"}]},{"@type":"WebSite","@id":"https:\/\/fermedumoulinet.com\/#website","url":"https:\/\/fermedumoulinet.com\/","name":"","description":"","potentialAction":[{"@type":"SearchAction","target":{"@type":"EntryPoint","urlTemplate":"https:\/\/fermedumoulinet.com\/?s={search_term_string}"},"query-input":"required name=search_term_string"}],"inLanguage":"fr-FR"}]}},"_links":{"self":[{"href":"https:\/\/fermedumoulinet.com\/index.php\/wp-json\/wp\/v2\/pages\/20"}],"collection":[{"href":"https:\/\/fermedumoulinet.com\/index.php\/wp-json\/wp\/v2\/pages"}],"about":[{"href":"https:\/\/fermedumoulinet.com\/index.php\/wp-json\/wp\/v2\/types\/page"}],"author":[{"embeddable":true,"href":"https:\/\/fermedumoulinet.com\/index.php\/wp-json\/wp\/v2\/users\/3"}],"replies":[{"embeddable":true,"href":"https:\/\/fermedumoulinet.com\/index.php\/wp-json\/wp\/v2\/comments?post=20"}],"version-history":[{"count":8,"href":"https:\/\/fermedumoulinet.com\/index.php\/wp-json\/wp\/v2\/pages\/20\/revisions"}],"predecessor-version":[{"id":344,"href":"https:\/\/fermedumoulinet.com\/index.php\/wp-json\/wp\/v2\/pages\/20\/revisions\/344"}],"wp:attachment":[{"href":"https:\/\/fermedumoulinet.com\/index.php\/wp-json\/wp\/v2\/media?parent=20"}],"curies":[{"name":"wp","href":"https:\/\/api.w.org\/{rel}","templated":true}]}}

<p style="text-align: center;">La ferme, c’est le domaine de Franck !</p>
<p style="text-align: center;">Avec l’aide de Benjamin et Pierre, il assure l’ensemble des travaux : de la naissance des veaux jusqu’à la traite des vaches, du semis jusqu’à la récolte des cultures.<br />
L’exploitation de 170 hectares se répartit entre 99 hectares de prairies, 14 hectares de luzernes, 25 hectares de maïs, 32 hectares de blé.</p>
<p style="text-align: center;"><img decoding="async" loading="lazy" class="size-medium wp-image-116 aligncenter" src="http://fermedumoulinet.com/wp-content/uploads/2016/02/veau-ferme-du-moulinet-300x225.jpg" alt="veau ferme du moulinet" width="300" height="225" srcset="https://fermedumoulinet.com/wp-content/uploads/2016/02/veau-ferme-du-moulinet-300x225.jpg 300w, https://fermedumoulinet.com/wp-content/uploads/2016/02/veau-ferme-du-moulinet.jpg 640w" sizes="(max-width: 300px) 100vw, 300px" /></p>
<p style="text-align: center;">Les vaches s’alimentent dans les riches pâturages normands. Les fourrages (herbe, luzerne et maïs)  produits sur la ferme, assurent leur alimentation.<br />
Un système de robots assure la traite des vaches. La traite s’effectue en continu, ce qui permet de satisfaire un rythme propre à chaque animal.</p>
<p><img decoding="async" loading="lazy" class="size-medium wp-image-115 aligncenter" src="http://fermedumoulinet.com/wp-content/uploads/2016/02/vache-ferme-du-moulinet-300x145.jpg" alt="OLYMPUS DIGITAL CAMERA" width="300" height="145" srcset="https://fermedumoulinet.com/wp-content/uploads/2016/02/vache-ferme-du-moulinet-300x145.jpg 300w, https://fermedumoulinet.com/wp-content/uploads/2016/02/vache-ferme-du-moulinet.jpg 640w" sizes="(max-width: 300px) 100vw, 300px" /></p>
<p style="text-align: center;">La traite s’effectue selon le bon vouloir de ces gentes dames, ce qui permet de choisir leur propre rythme.</p>
<p style="text-align: center;">

<p>La ferme, c’est le domaine de Franck ! Avec l’aide de Benjamin et Pierre, il assure l’ensemble des travaux : de la naissance des veaux jusqu’à la traite des vaches, du semis jusqu’à la récolte des cultures. L’exploitation de 170 hectares se répartit entre 99 hectares de prairies, 14 hectares de luzernes, 25 hectares de maïs, 32 hectares de blé. Les vaches s’alimentent dans les riches pâturages normands. Les fourrages (herbe, luzerne et maïs)  produits sur la ferme, assurent leur alimentation. Un système de robots assure la traite des vaches. La traite s’effectue en continu, ce qui permet de satisfaire un rythme propre à chaque animal. La traite s’effectue selon le bon vouloir de ces gentes dames, ce qui permet de choisir leur propre rythme.</p>

<!-- This site is optimized with the Yoast SEO plugin v20.0 - https://yoast.com/wordpress/plugins/seo/ -->
<title>Notre Exploitation &bull;</title>
<meta name="robots" content="index, follow, max-snippet:-1, max-image-preview:large, max-video-preview:-1" />
<link rel="canonical" href="https://fermedumoulinet.com/index.php/exploitation/" />
<meta property="og:locale" content="fr_FR" />
<meta property="og:type" content="article" />
<meta property="og:title" content="Notre Exploitation &bull;" />
<meta property="og:description" content="La ferme, c’est le domaine de Franck ! Avec l’aide de Benjamin et Pierre, il assure l’ensemble des travaux : de la naissance des veaux jusqu’à la traite des vaches, du semis jusqu’à la récolte des cultures. L’exploitation de 170 hectares se répartit entre 99 hectares de prairies, 14 hectares de luzernes, 25 hectares de maïs, 32 hectares de blé. Les vaches s’alimentent dans les riches pâturages normands. Les fourrages (herbe, luzerne et maïs)  produits sur la ferme, assurent leur alimentation. Un système de robots assure la traite des vaches. La traite s’effectue en continu, ce qui permet de satisfaire un rythme propre à chaque animal. La traite s’effectue selon le bon vouloir de ces gentes dames, ce qui permet de choisir leur propre rythme." />
<meta property="og:url" content="https://fermedumoulinet.com/index.php/exploitation/" />
<meta property="article:publisher" content="https://www.facebook.com/Ferme-du-Moulinet-453255748186140/?fref=ts" />
<meta property="article:modified_time" content="2024-01-08T17:51:20+00:00" />
<meta property="og:image" content="http://fermedumoulinet.com/wp-content/uploads/2016/02/veau-ferme-du-moulinet-300x225.jpg" />
<meta name="twitter:card" content="summary_large_image" />
<meta name="twitter:label1" content="Durée de lecture estimée" />
	<meta name="twitter:data1" content="2 minutes" />
<script type="application/ld+json" class="yoast-schema-graph">{"@context":"https://schema.org","@graph":[{"@type":"WebPage","@id":"https://fermedumoulinet.com/index.php/exploitation/","url":"https://fermedumoulinet.com/index.php/exploitation/","name":"Notre Exploitation &bull;","isPartOf":{"@id":"https://fermedumoulinet.com/#website"},"datePublished":"2016-01-20T08:38:43+00:00","dateModified":"2024-01-08T17:51:20+00:00","breadcrumb":{"@id":"https://fermedumoulinet.com/index.php/exploitation/#breadcrumb"},"inLanguage":"fr-FR","potentialAction":[{"@type":"ReadAction","target":["https://fermedumoulinet.com/index.php/exploitation/"]}]},{"@type":"BreadcrumbList","@id":"https://fermedumoulinet.com/index.php/exploitation/#breadcrumb","itemListElement":[{"@type":"ListItem","position":1,"name":"Accueil","item":"https://fermedumoulinet.com/"},{"@type":"ListItem","position":2,"name":"Notre Exploitation"}]},{"@type":"WebSite","@id":"https://fermedumoulinet.com/#website","url":"https://fermedumoulinet.com/","name":"","description":"","potentialAction":[{"@type":"SearchAction","target":{"@type":"EntryPoint","urlTemplate":"https://fermedumoulinet.com/?s={search_term_string}"},"query-input":"required name=search_term_string"}],"inLanguage":"fr-FR"}]}</script>
<!-- / Yoast SEO plugin. -->

La ferme, c’est le domaine de Franck ! Avec l’aide de Benjamin et Pierre, il assure l’ensemble des travaux : de la naissance des veaux jusqu’à la traite des vaches, du semis jusqu’à la récolte des cultures. L’exploitation de 170 hectares se répartit entre 99 hectares de prairies, 14 hectares de luzernes, 25 hectares de maïs, 32 hectares de blé. Les vaches s’alimentent dans les riches pâturages normands. Les fourrages (herbe, luzerne et maïs)  produits sur la ferme, assurent leur alimentation. Un système de robots assure la traite des vaches. La traite s’effectue en continu, ce qui permet de satisfaire un rythme propre à chaque animal. La traite s’effectue selon le bon vouloir de ces gentes dames, ce qui permet de choisir leur propre rythme.
